{"version":"1.0","provider_name":"LAMM","provider_url":"https:\/\/www.lamm.it\/fr\/","title":"Nouvelle Com\u00e9die de Gen\u00e8ve - Grande Salle - Geneva, Switzerland - LAMM","type":"rich","width":600,"height":338,"html":"<blockquote class=\"wp-embedded-content\" data-secret=\"5aZ6HcXe6X\"><a href=\"https:\/\/www.lamm.it\/fr\/realisations\/conference\/new-comedie-de-geneve-theatre-switzerland\/\">Nouvelle Com\u00e9die de Gen\u00e8ve &#8211; Grande Salle &#8211; Geneva, Switzerland<\/a><\/blockquote><iframe sandbox=\"allow-scripts\" security=\"restricted\" src=\"https:\/\/www.lamm.it\/fr\/realisations\/conference\/new-comedie-de-geneve-theatre-switzerland\/embed\/#?secret=5aZ6HcXe6X\" width=\"600\" height=\"338\" title=\"\u00ab\u00a0Nouvelle Com\u00e9die de Gen\u00e8ve &#8211; Grande Salle &#8211; Geneva, Switzerland\u00a0\u00bb &#8212; LAMM\" data-secret=\"5aZ6HcXe6X\" frameborder=\"0\" marginwidth=\"0\" marginheight=\"0\" scrolling=\"no\" class=\"wp-embedded-content\"><\/iframe><script type=\"text\/javascript\">\n\/* <![CDATA[ *\/\n\/*! This file is auto-generated *\/\n!function(d,l){\"use strict\";l.querySelector&&d.addEventListener&&\"undefined\"!=typeof URL&&(d.wp=d.wp||{},d.wp.receiveEmbedMessage||(d.wp.receiveEmbedMessage=function(e){var t=e.data;if((t||t.secret||t.message||t.value)&&!\/[^a-zA-Z0-9]\/.test(t.secret)){for(var s,r,n,a=l.querySelectorAll('iframe[data-secret=\"'+t.secret+'\"]'),o=l.querySelectorAll('blockquote[data-secret=\"'+t.secret+'\"]'),c=new RegExp(\"^https?:$\",\"i\"),i=0;i<o.length;i++)o[i].style.display=\"none\";for(i=0;i<a.length;i++)s=a[i],e.source===s.contentWindow&&(s.removeAttribute(\"style\"),\"height\"===t.message?(1e3<(r=parseInt(t.value,10))?r=1e3:~~r<200&&(r=200),s.height=r):\"link\"===t.message&&(r=new URL(s.getAttribute(\"src\")),n=new URL(t.value),c.test(n.protocol))&&n.host===r.host&&l.activeElement===s&&(d.top.location.href=t.value))}},d.addEventListener(\"message\",d.wp.receiveEmbedMessage,!1),l.addEventListener(\"DOMContentLoaded\",function(){for(var e,t,s=l.querySelectorAll(\"iframe.wp-embedded-content\"),r=0;r<s.length;r++)(t=(e=s[r]).getAttribute(\"data-secret\"))||(t=Math.random().toString(36).substring(2,12),e.src+=\"#?secret=\"+t,e.setAttribute(\"data-secret\",t)),e.contentWindow.postMessage({message:\"ready\",secret:t},\"*\")},!1)))}(window,document);\n\/\/# sourceURL=https:\/\/www.lamm.it\/wp-includes\/js\/wp-embed.min.js\n\/* ]]> *\/\n<\/script>\n","thumbnail_url":"https:\/\/www.lamm.it\/wp-content\/uploads\/LAMM-Comedie-Geneve-DJordan-progetto-01.jpg","thumbnail_width":1333,"thumbnail_height":1000,"description":"Un fauteuil con\u00e7u pour les besoins sp\u00e9cifiques de la Grande Salle, la plus grande des salles de la Nouvelle Com\u00e9die dans le quartier des Eaux Vives \u00e0 Gen\u00e8ve. Le nouveau th\u00e9\u00e2tre, con\u00e7u par FRES Architectes, remplace une ancienne structure d\u00e9saffect\u00e9e. Il pr\u00e9sente deux grandes fa\u00e7ades vitr\u00e9es qui g\u00e9n\u00e8rent de la porosit\u00e9 et rendent visibles de &hellip; Continue reading \"\""}

Nouvelle Comédie de Genève - Grande Salle - Geneva, Switzerland - LAMM

<blockquote class="wp-embedded-content" data-secret="5aZ6HcXe6X"><a href="https://www.lamm.it/fr/realisations/conference/new-comedie-de-geneve-theatre-switzerland/">Nouvelle Comédie de Genève &#8211; Grande Salle &#8211; Geneva, Switzerland</a></blockquote><iframe sandbox="allow-scripts" security="restricted" src="https://www.lamm.it/fr/realisations/conference/new-comedie-de-geneve-theatre-switzerland/embed/#?secret=5aZ6HcXe6X" width="600" height="338" title="« Nouvelle Comédie de Genève &#8211; Grande Salle &#8211; Geneva, Switzerland » &#8212; LAMM" data-secret="5aZ6HcXe6X" frameborder="0" marginwidth="0" marginheight="0" scrolling="no" class="wp-embedded-content"></iframe><script type="text/javascript">
/* <![CDATA[ */
/*! This file is auto-generated */
!function(d,l){"use strict";l.querySelector&&d.addEventListener&&"undefined"!=typeof URL&&(d.wp=d.wp||{},d.wp.receiveEmbedMessage||(d.wp.receiveEmbedMessage=function(e){var t=e.data;if((t||t.secret||t.message||t.value)&&!/[^a-zA-Z0-9]/.test(t.secret)){for(var s,r,n,a=l.querySelectorAll('iframe[data-secret="'+t.secret+'"]'),o=l.querySelectorAll('blockquote[data-secret="'+t.secret+'"]'),c=new RegExp("^https?:$","i"),i=0;i<o.length;i++)o[i].style.display="none";for(i=0;i<a.length;i++)s=a[i],e.source===s.contentWindow&&(s.removeAttribute("style"),"height"===t.message?(1e3<(r=parseInt(t.value,10))?r=1e3:~~r<200&&(r=200),s.height=r):"link"===t.message&&(r=new URL(s.getAttribute("src")),n=new URL(t.value),c.test(n.protocol))&&n.host===r.host&&l.activeElement===s&&(d.top.location.href=t.value))}},d.addEventListener("message",d.wp.receiveEmbedMessage,!1),l.addEventListener("DOMContentLoaded",function(){for(var e,t,s=l.querySelectorAll("iframe.wp-embedded-content"),r=0;r<s.length;r++)(t=(e=s[r]).getAttribute("data-secret"))||(t=Math.random().toString(36).substring(2,12),e.src+="#?secret="+t,e.setAttribute("data-secret",t)),e.contentWindow.postMessage({message:"ready",secret:t},"*")},!1)))}(window,document);
//# sourceURL=https://www.lamm.it/wp-includes/js/wp-embed.min.js
/* ]]> */
</script>

Un fauteuil conçu pour les besoins spécifiques de la Grande Salle, la plus grande des salles de la Nouvelle Comédie dans le quartier des Eaux Vives à Genève. Le nouveau théâtre, conçu par FRES Architectes, remplace une ancienne structure désaffectée. Il présente deux grandes façades vitrées qui génèrent de la porosité et rendent visibles de &hellip; Continue reading ""
